**4/12 + u**3/2 + 3*u**2/2 - u. What is i(j)?
-1
Let t(a) = -a**2 - 6*a - 4 + 2 + 3 + 2*a**2. Determine t(6).
1
Let b(y) be the first derivative of -1/3*y**3 - 3*y - 2*y**2 - 2. What is b(-3)?
0
Let j(i) = 2*i**2 - 3*i - 3. Suppose -3*a + 8 = -2*a. Let m = -5 + a. Calculate j(m).
6
Let p = -13 + 14. Let g(v) = -2*v + 1. Determine g(p).
-1
Let t(l) be the first derivative of l**4/4 - 5*l**3/3 + 3*l**2/2 + l - 13. Give t(4).
-3
Let j(x) = -4*x**3 - x**2 + 4. Let l(c) = -5*c**3 - c**2 + 4. Let p(w) = -4*j(w) + 3*l(w). Determine p(0).
-4
Let r be 6/(3 + (-9)/2). Let y(l) = l**3 + 2*l**2 - 4*l + 5. What is y(r)?
-11
Let i(n) = -1 + 0 + 3*n - 1. Suppose 0 = 4*c + 4*v - 4, -4*v + 8 = 5*c. Determine i(c).
10
Let d = -3 - -21. Let y be ((-6)/d)/(1/3). Let z(p) = p**2 - 3*p - 2. Let q(x) = -x**2 + 4*x + 3. Let r(c) = -2*q(c) - 3*z(c). Calculate r(y).
-2
Suppose -3*q - 3*w + 14 = -2*q, 3*q + 18 = 3*w. Let y(o) = 0 - 1 + 15*o - 24*o. What is y(q)?
8
Let n(i) = -i**2 + 4*i + 5. Suppose -2*a + 12 = 5*r, a + 2*r = 3*r + 6. Determine n(a).
-7
Let d = -189 + 184. Let v(u) be the second derivative of -u**5/20 - 5*u**4/12 - u**3/6 - u**2 - u. Calculate v(d).
3
Let k(h) = -3*h**3 - 3*h + 4. Let p(z) = -16*z**3 - z**2 - 15*z + 20. Let c(a) = -11*k(a) + 2*p(a). Suppose 0 = -141*w + 149*w - 24. Give c(w).
14
Let q(w) = -w + 2. Let a = -9 - 0. Let t(c) = c**3 + 9*c**2 + 5. Let l be t(a). What is q(l)?
-3
Let w(f) = -f**3 + 5*f**2 - f. Suppose 0 = 5*k - 53 - 7. Suppose -5 = 5*t, 3*m - 6 = 3*t + k. Give w(m).
-5
Suppose j = 6 + 19. Suppose 0 = -4*c - c - j. Let f(a) = 2*a + 4. What is f(c)?
-6
Let x(f) = f**2 + 6*f - 6. Let q(o) = o**3 + 14*o**2 + 14*o + 7. Let u be q(-13). Determine x(u).
-6
Let u(g) = -g**3 + 5*g**2 - 2*g - 1. Suppose 2 = -t, 4*y = -0*y - t + 18. Let a(z) = 4 - 2*z**2 + 5*z + 0*z + z**2. Let h be a(y). Determine u(h).
7
Let g(j) = 7*j**3 - 5*j**2 - 6*j - 1. Let m(i) = -2*i**2 - 2*i + i**3 + i + i**2. Let n(b) = -g(b) + 6*m(b). Let h be (-4)/10 - (-3)/(-5). Determine n(h).
1
Let w(h) = -h**3 - 6*h**2 - 5*h + 2. Let y = -67 + 62. What is w(y)?
2
Let u(h) = 7*h - 2. Let a(w) = -6*w + 3. Let z(g) = 4*a(g) + 3*u(g). Calculate z(6).
-12
Let a(b) = -b**3 + 4*b**2 + 2*b - 2. Suppose -3*d - 5 + 11 = 0. Calculate a(d).
10
Let d(x) be the third derivative of x**9/60480 + x**8/5040 + x**7/2520 + x**6/144 - x**5/30 - x**2. Let t(i) be the third derivative of d(i). Calculate t(-4).
-3
Let u = 1 + 1. Suppose -n + 2*j + 14 = 0, 8 + 14 = 5*n + u*j. Let r(w) = -6 - 3*w + n + 0. Calculate r(1).
-3
Let t(u) = -4*u**2 + 5 + 3*u - 1 + 1 + 0*u**3 - u**3. Calculate t(-4).
-7
Suppose -6 = p + 3*d + 2, 5*d + 40 = 5*p. Let v(a) be the third derivative of -a**4/8 + a**3/3 - a**2. Determine v(p).
-10
Let c(q) be the third derivative of q**4/24 - q**3/2 - q**2. Let f = -12 + 9. Let a = 6 + f. Determine c(a).
0
Let n(f) = -f - 7. Let g be n(0). Let x(z) = z**2 + 8*z + 7. Calculate x(g).
0
Suppose 0 = 2*q - 13 - 33. Suppose 6 = -24*s + q*s. Let n(l) = l**2 + 3*l - 3. Give n(s).
15
Let z(d) = -2*d - 3. Let i(y) = -5*y - 1. Let o be i(-1). Let h be -5 + 3 - (-5 + 0). Let p(l) = 3*l + 2. Let v(u) = h*z(u) + o*p(u). What is v(1)?
5
Let k(z) be the third derivative of z**6/360 + z**5/60 + z**4/8 + z**3/6 - 4*z**2. Let g(j) be the first derivative of k(j). Give g(-2).
3
Let h(i) be the second derivative of i**4/12 - 7*i**3/6 - i**2/2 - i. Let g be 10/3*(-9)/(-5). Give h(g).
-7
Suppose 4*y - k - 13 = 0, 2*y + 0*y - 9 = k. Let o be 0 + 2/3*3. Let h(x) = -3*x + 0 - 2*x - o + 1. Calculate h(y).
-11
Let x(u) be the first derivative of -u**6/120 - u**5/10 + u**4/12 + 3*u**3/2 + 2*u**2 - 2. Let j(i) be the second derivative of x(i). Determine j(-6).
-3
Let v(n) be the third derivative of n**4/24 + n**3/6 + n**2. Suppose -l - 28 + 27 = 0. Calculate v(l).
0
Suppose -3*z + 6*z - 6 = 0. Suppose -10 = -z*a + 4*a. Let h(i) be the first derivative of -i**3/3 - 3*i**2/2 + 4*i - 1. Give h(a).
-6
Let m be (-10)/2 + (-2 - -1). Suppose -5*j + 2 + 3 = 0. Let f(v) = -2 - 4 + j - v. Determine f(m).
1
Let b(w) = 4*w**2 - 8*w + 7. Let l = -4 - -2. Let h be (5/l + 2)*-6. Let q(o) = -11*o**2 + 23*o - 20. Let z(k) = h*q(k) + 8*b(k). What is z(4)?
0
Let x(v) be the second derivative of -6*v + 0 + 1/2*v**4 + 1/20*v**5 + 2/3*v**3 - v**2. Give x(-5).
3
Let x(p) = p - 8. Let s be (5/2)/5*10. What is x(s)?
-3
Suppose 20*v = 15*v + 5. Let j(r) = -14*r**3 + r**2 - 2*r + 1. What is j(v)?
-14
Let g(u) = -11*u**2 + 2*u + 9. Let i(t) = 6*t**2 - t - 4. Let d(v) = 3*g(v) + 7*i(v). What is d(-1)?
9
Let s be (-85)/(-68)*4/1. Let a(z) = -2*z + 0 - 2 + 6. Calculate a(s).
-6
Let k(v) = v**3 + 6*v**2 + 6*v - 1. Suppose -23 - 2 = 5*u. What is k(u)?
-6
Let q be ((-63)/6)/(3/(-6)). Suppose -4*t - 6 = 2*p, q = 5*p - 4*t + 8. Let o(u) = -10*u**2 + 0 + 0. Give o(p).
-10
Let q = 14 - 15. Let z(x) = 9*x**2 + x. Determine z(q).
8
Let s be (3*2)/(6/(-4)). Let p(q) = 2*q + 2. Let o be p(s). Let y(w) = w + 7. Let h be y(o). Let a(i) = -3*i. Calculate a(h).
-3
Suppose -4*r + 48 = -4*c, -4*r - 3*c - 3 + 44 = 0. Let p = r - 7. Suppose 5*n = 3*w + 15, 0 = -w + p*n - n - 9. Let l(f) = -f**2 - f + 6. Give l(w).
6
Let j(m) = m**3 - 7*m**2 + 2*m - 8. Let r = -9 + 16. Let h be j(r). Let o(z) = z - 2 - h + 5 + 1. Determine o(4).
2
Suppose 0 = -0*l + 2*l. Let y(n) be the first derivative of -n**3/3 + n**2/2 - 7*n - 9. Give y(l).
-7
Let c(b) = -b**3 + 8*b**2 - 4*b - 5. Suppose 0 = -2*x + 14. Give c(x).
16
Let s(w) be the second derivative of w**5/20 - 5*w**4/12 - 7*w**2/2 + w. Let t(m) = m**2 - 2*m + 2. Let z be t(3). Let q = 10 - z. What is s(q)?
-7
Let f(g) = 5*g - 1. Let w = -13 - -19. Let y = 7 - w. Give f(y).
4
Let j(m) = m**3 - 2*m - 1. Let o(v) = -v**2 + 5*v + 4. Let q be o(6). Give j(q).
-5
Let j(o) = -o**3 + 2*o**2 - o + 4. Suppose -5*y + 0*y + w + 14 = 0, -y - 18 = 5*w. Let r = 1 + y. Determine j(r).
-8
Let y(f) = -f + 1. Let v be 0 + 1 + 0 - -2. Give y(v).
-2
Let s(w) = -14*w**3 - 4. Let a(g) = -5*g**3 - 1. Let o(k) = -11*a(k) + 4*s(k). Calculate o(0).
-5
Let o(q) = -3. Let t(w) = w. Let u(a) = -a**3 + 5*a**2 - a + 6. Let i be u(5). Let z(m) = i*t(m) + o(m). Give z(-6).
-9
Let j(m) be the third derivative of m**4/6 - 8*m**2. Suppose 3*q = -q + 8. Give j(q).
8
Let o(n) = 4*n + 4. Let b(m) = m + 1. Let j(w) = -22*b(w) + 6*o(w). Calculate j(2).
6
Let p(t) = -t**2 - 6*t - 8. Let z(b) = 2*b**2 + 12*b + 16. Let h(y) = -13*p(y) - 6*z(y). Give h(-6).
8
Let j(u) be the first derivative of -4*u + 5/3*u**3 + 0*u**2 - 2 + 1/4*u**4. Suppose -5 = o - 0*o. Calculate j(o).
-4
Let a(d) = -d - 1. Let q(r) = r**2 - 3*r + 2. Let h be q(3). Let o(b) = 6*b**h + 0*b**2 + 2*b**2 + 3 + b**3. Let s be o(-8). Give a(s).
-4
Let v(i) be the second derivative of -i**4/3 - i**3 + 2*i**2 - 2*i. Let k(f) = 3*f**2 + 5*f - 3. Let j(p) = -5*k(p) - 4*v(p). Calculate j(2).
1
Let m(z) = z + 5. Suppose l - 1 - 1 = 2*x, -5*l - 3*x + 23 = 0. What is m(l)?
9
Suppose -2*v - 13 = 4*c - 3, 0 = 3*v - c + 15. Let g(y) = -2*y + 5. Let s(z) = z - 2. Let q(i) = 4*g(i) + 9*s(i). Determine q(v).
-3
Suppose -2*o - 16 = 2*o. Let d = o - 0. Let p(z) = -2*z - 6 + 1 + 2. Calculate p(d).
5
Let r be ((-1)/(1/(-6)))/2. Suppose -4 - 16 = 5*a. Let q = a + r. Let s(t) = -3*t**3 - t**2 + 1. Give s(q).
3
Let q(z) be the third derivative of -z**7/840 - z**6/90 - z**5/120 - z**4/24 + z**3/6 + 5*z**2. Let w(u) be the first derivative of q(u). Calculate w(-4).
3
Let q(k) be the first derivative of 3*k**2/2 - 5. What is q(-1)?
-3
Suppose 0 = -2*t - 9 + 1. Let x(z) = -5*z. Let g(c) = c. Let y(a) = -11*g(a) - 2*x(a). Give y(t).
4
Let t(n) be the third derivative of n**5/60 - 11*n**4/24 - 2*n**3/3 + n**2. Let k be t(11). Let i(l) = -l. Calculate i(k).
4
Let t = -7 - -7. Let m = t + 1. Let b(f) = -4*f**2 + 2*f - 1. Calculate b(m).
-3
Let t be (17 + 0 - 2)*-1. Let v be 3*t/6*-2. Let w = -10 + v. Let d(z) = z - 5. Give d(w).
0
Suppose 0 = 7*o - 4*o - 9. Let n(j) = j**2 - 2*j - 3. Let v(s) = -2. Let a(d) = 5. Let x(r) = 3*a(r) + 8*v(r). Let p(w) = -n(w) + 6*x(w). Calculate p(o).
-6
Let n(x) = x**3 - 3*x**2 + 2*x + 2. Suppose -8 = 4*k - 3*g + 20, -5*k + g - 24 = 0. Let u = -1 - k. Suppose w - 3*w = -q + 1, -u*w + 3*q - 9 = 0. Give n(w).
2
Let c(h) = -h - 5. Let v be c(-4). Let y(o) be the second derivative of -11*o**3/